at is n(w)?
1
Suppose 4*b = 2*b. Let y(w) be the second derivative of 0*w**3 + 1/20*w**5 + w**2 + 0*w**4 + w + b. Calculate y(-2).
-6
Let a(i) = i**3 + 6*i**2 + 6*i. Suppose -2*g + 5*v = 10, -5*v + 10 = -0*g + 5*g. Suppose 15 = -3*f - g. What is a(f)?
-5
Let n(z) = z**2 - 2*z - 2. Let c(u) = -u**3 - u**2 + 6*u - 2. Let r be c(-3). Calculate n(r).
6
Let b(u) = -9*u**3 + 6*u**2 - u + 5. Let l(w) = -18*w**3 + 13*w**2 - 2*w + 11. Let a(g) = -13*b(g) + 6*l(g). Determine a(-1).
-9
Let p(m) = m**2 - m + 4. Let d be p(3). Let u(b) = b - 12. What is u(d)?
-2
Let f(g) = g - 2. Let h(o) = -o**2 - 7 + 22 - 11. Let n be h(0). Calculate f(n).
2
Let g(j) = j**3 + 11*j**2 - j - 6. Let z be g(-11). Suppose 0 = -f + 2*f - z. Let d(m) = 3*m - 7. Give d(f).
8
Let l(i) = -2*i + 6. Suppose -5*n = -10 - 10. Determine l(n).
-2
Let f(v) = 3*v + 4. Let k be (-4 - (0 - 1)) + 7. Let m = k - 7. What is f(m)?
-5
Let a(i) = i**3 + i**2 - i - 6. Let c = -22 - -22. Give a(c).
-6
Let k be (18/(-10))/(63/(-210)). Let a(u) be the third derivative of -1/20*u**5 + 0 - 1/2*u**3 + 2*u**2 + 0*u + 1/6*u**4 + 1/120*u**k. Calculate a(3).
9
Let c(y) = -y. Suppose 2*h = 5*h. Let s be c(h). Let d(g) = s*g**2 - g**2 + 2*g**2. Determine d(-2).
4
Let v(m) be the second derivative of m**5/20 - m**4/2 + m**3/2 + m**2 + m. Let b(u) = u**2 - 4*u - 7. Let a be 2 - 1 - 0 - -5. Let d be b(a). What is v(d)?
-8
Let y(f) = -8*f. Suppose 6*a + 2 = 8. Determine y(a).
-8
Let t(f) = 8*f**2 + 1. Suppose -m - 5 = 4*m - 4*a, -a = 0. Determine t(m).
9
Let u be -1*-15*(-4)/12. Let c(j) = -j - 2. What is c(u)?
3
Let w be (-6)/(-15)*(2 + -17). Let l(q) = -q**2 - 7*q. Give l(w).
6
Let d = 7 + 5. Let l be (8/(-16))/(1/d). Let g(m) = -m - 4. Determine g(l).
2
Let o be (-2 + 2)*(-2)/4. Suppose 0 = -o*l - l - 1. Let x(m) = -m**3 + 2*m**2 + 7*m - 6. Let i(r) = -r**3 - r + 1. Let c(y) = 6*i(y) + x(y). Calculate c(l).
8
Let w(l) be the first derivative of -l**2/2 + 4*l - 4. What is w(-6)?
10
Let t = 10 + -7. Let o(i) = -1 + 0*i + 2*i + 0*i - t*i. Determine o(-5).
4
Suppose 4*t + 0 = c + 18, -2*t + c = -10. Suppose 14 = i - 2*j, -2*i + 0*j + 20 = -2*j. Suppose t*v = i*v - 6. Let w(m) = -m + 4. Calculate w(v).
1
Let v(n) = 18*n**2 + 1 - 34*n**2 - 2*n + 15*n**2. Calculate v(-2).
1
Let n(j) be the third derivative of j**4/12 + j**3/3 - j**2. Let c = -5 + 11. Let u be 1 + 0 - (c + -7). Give n(u).
6
Suppose -22 = -3*z - 4. Let b(g) = -2*g**2 + 12 + z*g - 6 - g**3 - 3*g**2. Give b(-6).
6
Suppose 2*m - m - 6 = -3*p, -4*m = 4*p. Let y(t) = -t**2 + 4*t + 7. Let n(r) = -r**2 + 3*r + 6. Let c(z) = -4*n(z) + 3*y(z). Calculate c(p).
6
Let f(z) = 7*z - 63. Let k be f(9). Let m(i) be the third derivative of -i**3 + 1/60*i**5 + i**2 + 0 + 0*i + k*i**4. Determine m(0).
-6
Let h(w) = w**2 + 2. Let d(g) = 3*g**2 - 2*g + 8. Let n(f) = -d(f) + 4*h(f). Let a = -5 + 1. Determine n(a).
8
Let d = -2 - 0. Let r(x) = x - 1. Let n be r(2). Let g(p) = -1 - p**2 + n + 3 - 2 + p. Give g(d).
-5
Let q(w) = -3*w**3 + w**2 + 5*w + 5. Let s be q(-1). Let b(p) = -p**3 + 4*p**2 + p + 5. What is b(s)?
9
Suppose -b = -2*r - 5, -5*b + 84 = 3*r + 20. Let x = b - 12. Let f(l) = 12*l**2 + 2*l + 1. Calculate f(x).
11
Let x(d) = 3 - 4 - 3*d + 3*d - d. What is x(5)?
-6
Let i(y) = 3*y**2 + 3*y - 5. Let u(j) = j**2 - 1. Let d(l) = -i(l) + 5*u(l). Let r be (-2)/(-11) + 200/110. Give d(r).
2
Let a(z) be the first derivative of z**4/4 + z**3 - 2*z**2 - 5*z - 8. Determine a(-4).
-5
Let m = -18 - -14. Let h = 7 + m. Let k(o) = o**3 - 2*o**2 + 2*o - 4. Calculate k(h).
11
Let l = 11 + -8. Let u(x) = -4 - 3*x + l + 3*x - 4*x. Determine u(1).
-5
Let q(i) = 2*i - 2. Let s be 6/9*(2 + 1). Let p be q(s). Let v(j) = -4*j**2 - 1 + 9 + 2*j**p + j**2 + j. Determine v(0).
8
Suppose 0 = 2*y - 2*u + 60, 0 = -2*y + 4*u - 3*u - 63. Let d be 1/(-3) + (-143)/y. Let q(m) be the second derivative of m**3/6 + 3*m**2/2 + 2*m. Calculate q(d).
7
Let n(d) be the third derivative of d**4/24 + d**3/6 - d**2. Let y be 288/21 - (-8)/28. Let i = 17 - y. What is n(i)?
4
Suppose z + 4 = 3*z. Suppose -5*t = -z*t + 9. Let w be t - (-1 + -1 + -6). Let f(j) = j**3 - 4*j**2 - 7*j + 6. What is f(w)?
-4
Let l(f) = f**3 - f - 20. Let j be l(0). Let p be ((-24)/j)/((-3)/(-15)). Let i(b) = b**3 - 5*b**2 - 6*b - 6. Determine i(p).
-6
Let d(x) = 3*x**3 + 2*x**2 + 2*x + 6. Let c(h) = 1. Let t(u) = 5*c(u) - d(u). Determine t(-1).
2
Let z(d) = -d**3 - 5*d**2 + 22*d - 16. Let n be z(-8). Let i(r) be the first derivative of n*r**2 + 1/3*r**3 - 1 + 9*r. Calculate i(0).
9
Let f(m) = -5*m - 2*m + 3*m**2 + 3*m + 5 - 4*m**2. Determine f(-5).
0
Let z(j) = j**2 + 2*j - 1. Let i(v) = 2*v**2 + 9*v - 2. Let w(g) = g**2 + 4*g - 1. Let n(l) = -2*i(l) + 5*w(l). Let c(q) = 4*n(q) - 3*z(q). What is c(-4)?
7
Suppose -2*u + 4*q = 26, 0*u = 4*u + 4*q + 16. Let p(k) = 5*k - 8*k**2 + 6*k - 6 - k**3 - 25*k + 5*k. Determine p(u).
8
Let r(y) = 13 + y**2 + 0*y**3 + 8*y**3 - 14. Give r(-1).
-8
Let b(i) be the second derivative of 13*i**3/3 - i**2/2 - 6*i. Calculate b(-1).
-27
Let m = -14 + 1. Let b = -12 - m. Let d(z) = -3*z + 1. Determine d(b).
-2
Let s(a) be the second derivative of a**3/2 - 2*a**2 + 10*a. Determine s(-4).
-16
Suppose 0 = -3*u + 2*u + 6. Let c be -4*1/u*-3. Let v(z) = 2 + z + z - c - 3. Give v(3).
3
Let u(m) = -m + 3. Suppose 5*f - 18 + 3 = 3*i, -5*i + 7 = -3*f. What is u(f)?
-3
Let k(t) = -t + 1. Let n(r) = -r**2 + 11*r - 9. Let x(f) = 3*k(f) + n(f). What is x(6)?
6
Let o(y) = -y + 7. Let s = -29 - -32. Determine o(s).
4
Let y(q) = 3*q - 7. Let n(w) = 8*w - 21. Let u(m) = -4*n(m) + 11*y(m). Give u(5).
12
Let j(q) be the second derivative of 0*q**2 + 1/6*q**3 + q + 0 + 1/3*q**4. Suppose 3*m = 2 + 1. What is j(m)?
5
Let b(o) = -o + 2. Let u(d) = -3*d + 5. Let w(f) = -7*b(f) + 2*u(f). Calculate w(6).
2
Let j = -7 + 2. Let u(z) = 56*z**2 + 7 - 2 - 27*z**2 - 30*z**2 - 5*z. Give u(j).
5
Let h be (14 + -15)/(2/(-10)*-1). Let l(i) = i**3 + 4*i**2 - 4*i + 6. Give l(h).
1
Let r be (-2)/(-9) - 20/9. Let s(q) = 3*q - 1. Let b(m) = 13*m - 4. Let h(f) = r*b(f) + 9*s(f). Calculate h(-5).
-6
Let r(z) = -z**3 + 3*z**2 + z. Suppose s + 3 = -2*l, 3*s - 12 = 2*l - l. What is r(s)?
3
Let h(o) be the second derivative of o**4/12 + o**3/2 - 2*o**2 + 21*o. What is h(-3)?
-4
Let z(n) = 10*n**2 - n**3 - 3*n - 7*n**2 - 2 - 6*n**2 - n. Let o(a) = a**2 + a - 2. Let j be o(0). Determine z(j).
2
Let t(l) = -l**2 + 4*l + 2. Let g be t(4). Let a(x) be the first derivative of 3 - 3/2*x**2 + 0*x + 2/3*x**3. What is a(g)?
2
Let s(v) be the third derivative of v**6/24 + v**5/60 + v**4/24 - v**3/6 - 2*v**2. Determine s(1).
6
Let w(s) = s - 3. Suppose -5*i + 10 = -75. Suppose -7 - i = -4*d. What is w(d)?
3
Let u(g) = g**2 + 4*g + 4. Let z = 4 - 4. Suppose z = -d + 19 - 3. Suppose d = -3*q - q. Calculate u(q).
4
Let b be (2 + -1)/(1/(-11)). Let w(t) = t**3 + 5*t**2 + t - 3. Let n be w(-5). Let d = b - n. Let c(r) = r - 3. Give c(d).
-6
Let q = 6 - 5. Let m be ((-6)/(-10))/(q/5). Let u(x) = 3*x - 2*x**2 + 3*x + 1 - 2*x. Calculate u(m).
-5
Let n(k) = -2*k**3 - 5*k**2 - 7*k. Let m(p) = -p**3 - 2*p**2 - 3*p. Let b(l) = 9*m(l) - 4*n(l). Let j be b(-1). Let z(x) = -j + 0*x + 3 - 2*x. Give z(-2).
5
Let h(d) = -d**3 - 4*d**2 - 3*d - 3. Let r(m) be the second derivative of m**5/20 - m**3/6 + 27*m**2/2 + 2*m. Let o be r(0). Suppose -7 = -5*q - o. Give h(q).
9
Let b be 1/(1*(-2)/14). Let p(f) = -14*f**3 + 9 + 24*f**3 + 4*f - 8*f**2 + f**2 - 11*f**3 - 2*f. Calculate p(b).
-5
Let n be 2*(46/(-4) - -2). Let y = n - -13. Let u = y + 3. Let v(c) = -c - 4. Determine v(u).
-1
Let l(w) = -w + 32 - 77 + 25 + 23. Suppose -d - r + 4*r = -17, 5*d = -5*r + 25. What is l(d)?
-5
Let a(b) = -b**2 - 3*b - 4. Suppose 12 - 4 = 4*c. Let m = c - 5. Let v be a(m). Let w(k) = -k**3 - 4*k**2 + k + 4. What is w(v)?
0
Let a(h) = h - 976 + 976. Determine a(-2).
-2
Let t be (15/10)/(6/4). Let p(h) = 4*h - t - 3*h**3 + 2*h**3 + 2*h**2 - h**2 - 2. Calculate p(2).
1
Let d(k) = 6*k - 1. Suppose 2*h + 2*h - 12 = -3*l, -2*h + 3*l = -6. Let s = h - 4. Determine d(s).
-7
Let r(y) = 1 - 2*y + 6*y - 3. Calculate r(-3).
-14
Let d be (-3 + (0 - -2))/1. Let l(i) = -10*i**3 + i**2 + i + 1. What is l(d)?
11
Suppose 10 = 5*m - 2*v, 5*m - m - 4*v - 20 = 0. Let d be 2*4 - (m - -2). Let s = d + -3. Let r(i) = -3*i + 4.